{"id":93,"date":"2024-09-09T19:48:17","date_gmt":"2024-09-09T19:48:17","guid":{"rendered":"https:\/\/audioproeventos.cl\/?page_id=93"},"modified":"2024-09-09T20:47:10","modified_gmt":"2024-09-09T20:47:10","slug":"elementor-93","status":"publish","type":"page","link":"https:\/\/audioproeventos.cl\/?page_id=93","title":{"rendered":""},"content":{"rendered":"\t\t<div data-elementor-type=\"wp-page\" data-elementor-id=\"93\" class=\"elementor elementor-93\">\n\t\t\t\t<div class=\"elementor-element elementor-element-73d74fc e-flex e-con-boxed e-con e-parent\" data-id=\"73d74fc\" data-element_type=\"container\" data-settings=\"{&quot;background_background&quot;:&quot;classic&quot;}\">\n\t\t\t\t\t<div class=\"e-con-inner\">\n\t\t\t\t<div class=\"elementor-element elementor-element-711c63d elementor-widget elementor-widget-heading\" data-id=\"711c63d\" data-element_type=\"widget\" data-widget_type=\"heading.default\">\n\t\t\t\t<div class=\"elementor-widget-container\">\n\t\t\t<style>\/*! elementor - v3.23.0 - 05-08-2024 *\/\n.elementor-heading-title{padding:0;margin:0;line-height:1}.elementor-widget-heading .elementor-heading-title[class*=elementor-size-]>a{color:inherit;font-size:inherit;line-height:inherit}.elementor-widget-heading .elementor-heading-title.elementor-size-small{font-size:15px}.elementor-widget-heading .elementor-heading-title.elementor-size-medium{font-size:19px}.elementor-widget-heading .elementor-heading-title.elementor-size-large{font-size:29px}.elementor-widget-heading .elementor-heading-title.elementor-size-xl{font-size:39px}.elementor-widget-heading .elementor-heading-title.elementor-size-xxl{font-size:59px}<\/style><h2 class=\"elementor-heading-title elementor-size-default\">Nosotros<br><\/h2>\t\t<\/div>\n\t\t\t\t<\/div>\n\t\t\t\t<div class=\"elementor-element elementor-element-1093e55 elementor-widget elementor-widget-text-editor\" data-id=\"1093e55\" data-element_type=\"widget\" data-widget_type=\"text-editor.default\">\n\t\t\t\t<div class=\"elementor-widget-container\">\n\t\t\t<style>\/*! elementor - v3.23.0 - 05-08-2024 *\/\n.elementor-widget-text-editor.elementor-drop-cap-view-stacked .elementor-drop-cap{background-color:#69727d;color:#fff}.elementor-widget-text-editor.elementor-drop-cap-view-framed .elementor-drop-cap{color:#69727d;border:3px solid;background-color:transparent}.elementor-widget-text-editor:not(.elementor-drop-cap-view-default) .elementor-drop-cap{margin-top:8px}.elementor-widget-text-editor:not(.elementor-drop-cap-view-default) .elementor-drop-cap-letter{width:1em;height:1em}.elementor-widget-text-editor .elementor-drop-cap{float:left;text-align:center;line-height:1;font-size:50px}.elementor-widget-text-editor .elementor-drop-cap-letter{display:inline-block}<\/style>\t\t\t\t<p><br><\/p>\n<p><\/p>\n<p><span style=\"font-weight: 400;\">AUDIO-PRO EVENTOS&nbsp; nace&nbsp; con el compromiso de dar soluciones a todo tipo de espect\u00e1culos que requieren de una puesta en escena del m\u00e1s alto nivel y con est\u00e1ndares profesionales.&nbsp; Nos especializamos en eventos empresariales, sociales, pol\u00edticos y art\u00edsticos,&nbsp; donde d\u00e9cadas de experiencia respaldan una trayectoria impecable que ha sabido responder a las demandas del mercado.<\/span><\/p>\n<p><\/p>\n<p><span style=\"font-weight: 400;\">Nuestra empresa puede prestar servicios en distintos puntos del pa\u00eds, cuyos valores de traslados no impactan fuertemente en el presupuesto total, por lo que nos somos una real alternativa para presentaciones, regionales y nacionales. Para ofrecer un buen servicio, y de acuerdo a los requerimientos de los clientes, podemos incluir&nbsp; equipamiento de \u00faltima generaci\u00f3n, como sistemas Line Array, Pantallas led, iluminaci\u00f3n rob\u00f3tica,&nbsp; todo ello ejecutado por medio de un personal altamente calificado, donde los detalles, el orden y la responsabilidad hacen la diferencia.&nbsp;<\/span><\/p><p><span style=\"font-weight: 400;\"><br><\/span><\/p>\n<p><\/p>\t\t\t\t\t\t<\/div>\n\t\t\t\t<\/div>\n\t\t\t\t\t<\/div>\n\t\t\t\t<\/div>\n\t\t<div class=\"elementor-element elementor-element-871314b e-flex e-con-boxed e-con e-parent\" data-id=\"871314b\" data-element_type=\"container\" data-settings=\"{&quot;background_background&quot;:&quot;classic&quot;}\">\n\t\t\t\t\t<div class=\"e-con-inner\">\n\t\t\t\t<div class=\"elementor-element elementor-element-f5b35bb elementor-widget elementor-widget-image\" data-id=\"f5b35bb\" data-element_type=\"widget\" data-widget_type=\"image.default\">\n\t\t\t\t<div class=\"elementor-widget-container\">\n\t\t\t<style>\/*! elementor - v3.23.0 - 05-08-2024 *\/\n.elementor-widget-image{text-align:center}.elementor-widget-image a{display:inline-block}.elementor-widget-image a img[src$=\".svg\"]{width:48px}.elementor-widget-image img{vertical-align:middle;display:inline-block}<\/style>\t\t\t\t\t\t\t\t\t\t<img fetchpriority=\"high\" decoding=\"async\" width=\"800\" height=\"486\" src=\"https:\/\/audioproeventos.cl\/wp-content\/uploads\/2024\/09\/Pablo.jpg\" class=\"attachment-large size-large wp-image-47\" alt=\"\" srcset=\"https:\/\/audioproeventos.cl\/wp-content\/uploads\/2024\/09\/Pablo.jpg 977w, https:\/\/audioproeventos.cl\/wp-content\/uploads\/2024\/09\/Pablo-300x182.jpg 300w, https:\/\/audioproeventos.cl\/wp-content\/uploads\/2024\/09\/Pablo-768x466.jpg 768w\" sizes=\"(max-width: 800px) 100vw, 800px\" \/>\t\t\t\t\t\t\t\t\t\t\t\t\t<\/div>\n\t\t\t\t<\/div>\n\t\t\t\t\t<\/div>\n\t\t\t\t<\/div>\n\t\t<div class=\"elementor-element elementor-element-145d3d5 e-flex e-con-boxed e-con e-parent\" data-id=\"145d3d5\" data-element_type=\"container\">\n\t\t\t\t\t<div class=\"e-con-inner\">\n\t\t\t\t\t<\/div>\n\t\t\t\t<\/div>\n\t\t\t\t<\/div>\n\t\t","protected":false},"excerpt":{"rendered":"<p>Nosotros AUDIO-PRO EVENTOS&nbsp; nace&nbsp; con el compromiso de dar soluciones a todo tipo de espect\u00e1culos que requieren de una puesta en escena del m\u00e1s alto nivel y con est\u00e1ndares profesionales.&nbsp; Nos especializamos en eventos empresariales, sociales, pol\u00edticos y art\u00edsticos,&nbsp; donde d\u00e9cadas de experiencia respaldan una trayectoria impecable que ha sabido responder a las demandas del [&hellip;]<\/p>\n","protected":false},"author":1,"featured_media":0,"parent":0,"menu_order":0,"comment_status":"closed","ping_status":"closed","template":"","meta":{"footnotes":""},"class_list":["post-93","page","type-page","status-publish","hentry"],"_links":{"self":[{"href":"https:\/\/audioproeventos.cl\/index.php?rest_route=\/wp\/v2\/pages\/93","targetHints":{"allow":["GET"]}}],"collection":[{"href":"https:\/\/audioproeventos.cl\/index.php?rest_route=\/wp\/v2\/pages"}],"about":[{"href":"https:\/\/audioproeventos.cl\/index.php?rest_route=\/wp\/v2\/types\/page"}],"author":[{"embeddable":true,"href":"https:\/\/audioproeventos.cl\/index.php?rest_route=\/wp\/v2\/users\/1"}],"replies":[{"embeddable":true,"href":"https:\/\/audioproeventos.cl\/index.php?rest_route=%2Fwp%2Fv2%2Fcomments&post=93"}],"version-history":[{"count":12,"href":"https:\/\/audioproeventos.cl\/index.php?rest_route=\/wp\/v2\/pages\/93\/revisions"}],"predecessor-version":[{"id":125,"href":"https:\/\/audioproeventos.cl\/index.php?rest_route=\/wp\/v2\/pages\/93\/revisions\/125"}],"wp:attachment":[{"href":"https:\/\/audioproeventos.cl\/index.php?rest_route=%2Fwp%2Fv2%2Fmedia&parent=93"}],"curies":[{"name":"wp","href":"https:\/\/api.w.org\/{rel}","templated":true}]}}

<div data-elementor-type="wp-page" data-elementor-id="93" class="elementor elementor-93">
				<div class="elementor-element elementor-element-73d74fc e-flex e-con-boxed e-con e-parent" data-id="73d74fc" data-element_type="container" data-settings="{&quot;background_background&quot;:&quot;classic&quot;}">
					<div class="e-con-inner">
				<div class="elementor-element elementor-element-711c63d elementor-widget elementor-widget-heading" data-id="711c63d" data-element_type="widget" data-widget_type="heading.default">
				<div class="elementor-widget-container">
			<style>/*! elementor - v3.23.0 - 05-08-2024 */
.elementor-heading-title{padding:0;margin:0;line-height:1}.elementor-widget-heading .elementor-heading-title[class*=elementor-size-]>a{color:inherit;font-size:inherit;line-height:inherit}.elementor-widget-heading .elementor-heading-title.elementor-size-small{font-size:15px}.elementor-widget-heading .elementor-heading-title.elementor-size-medium{font-size:19px}.elementor-widget-heading .elementor-heading-title.elementor-size-large{font-size:29px}.elementor-widget-heading .elementor-heading-title.elementor-size-xl{font-size:39px}.elementor-widget-heading .elementor-heading-title.elementor-size-xxl{font-size:59px}</style><h2 class="elementor-heading-title elementor-size-default">Nosotros<br></h2>		</div>
				</div>
				<div class="elementor-element elementor-element-1093e55 elementor-widget elementor-widget-text-editor" data-id="1093e55" data-element_type="widget" data-widget_type="text-editor.default">
				<div class="elementor-widget-container">
			<style>/*! elementor - v3.23.0 - 05-08-2024 */
.elementor-widget-text-editor.elementor-drop-cap-view-stacked .elementor-drop-cap{background-color:#69727d;color:#fff}.elementor-widget-text-editor.elementor-drop-cap-view-framed .elementor-drop-cap{color:#69727d;border:3px solid;background-color:transparent}.elementor-widget-text-editor:not(.elementor-drop-cap-view-default) .elementor-drop-cap{margin-top:8px}.elementor-widget-text-editor:not(.elementor-drop-cap-view-default) .elementor-drop-cap-letter{width:1em;height:1em}.elementor-widget-text-editor .elementor-drop-cap{float:left;text-align:center;line-height:1;font-size:50px}.elementor-widget-text-editor .elementor-drop-cap-letter{display:inline-block}</style>				<p><br></p>
<p></p>
<p><span style="font-weight: 400;">AUDIO-PRO EVENTOS&nbsp; nace&nbsp; con el compromiso de dar soluciones a todo tipo de espectáculos que requieren de una puesta en escena del más alto nivel y con estándares profesionales.&nbsp; Nos especializamos en eventos empresariales, sociales, políticos y artísticos,&nbsp; donde décadas de experiencia respaldan una trayectoria impecable que ha sabido responder a las demandas del mercado.</span></p>
<p></p>
<p><span style="font-weight: 400;">Nuestra empresa puede prestar servicios en distintos puntos del país, cuyos valores de traslados no impactan fuertemente en el presupuesto total, por lo que nos somos una real alternativa para presentaciones, regionales y nacionales. Para ofrecer un buen servicio, y de acuerdo a los requerimientos de los clientes, podemos incluir&nbsp; equipamiento de última generación, como sistemas Line Array, Pantallas led, iluminación robótica,&nbsp; todo ello ejecutado por medio de un personal altamente calificado, donde los detalles, el orden y la responsabilidad hacen la diferencia.&nbsp;</span></p><p><span style="font-weight: 400;"><br></span></p>
<p></p>						</div>
				</div>
					</div>
				</div>
		<div class="elementor-element elementor-element-871314b e-flex e-con-boxed e-con e-parent" data-id="871314b" data-element_type="container" data-settings="{&quot;background_background&quot;:&quot;classic&quot;}">
					<div class="e-con-inner">
				<div class="elementor-element elementor-element-f5b35bb elementor-widget elementor-widget-image" data-id="f5b35bb" data-element_type="widget" data-widget_type="image.default">
				<div class="elementor-widget-container">
			<style>/*! elementor - v3.23.0 - 05-08-2024 */
.elementor-widget-image{text-align:center}.elementor-widget-image a{display:inline-block}.elementor-widget-image a img[src$=".svg"]{width:48px}.elementor-widget-image img{vertical-align:middle;display:inline-block}</style>										<img fetchpriority="high" decoding="async" width="800" height="486" src="https://audioproeventos.cl/wp-content/uploads/2024/09/Pablo.jpg" class="attachment-large size-large wp-image-47" alt="" srcset="https://audioproeventos.cl/wp-content/uploads/2024/09/Pablo.jpg 977w, https://audioproeventos.cl/wp-content/uploads/2024/09/Pablo-300x182.jpg 300w, https://audioproeventos.cl/wp-content/uploads/2024/09/Pablo-768x466.jpg 768w" sizes="(max-width: 800px) 100vw, 800px" />													</div>
				</div>
					</div>
				</div>
		<div class="elementor-element elementor-element-145d3d5 e-flex e-con-boxed e-con e-parent" data-id="145d3d5" data-element_type="container">
					<div class="e-con-inner">
					</div>
				</div>
				</div>

<p>Nosotros AUDIO-PRO EVENTOS&nbsp; nace&nbsp; con el compromiso de dar soluciones a todo tipo de espectáculos que requieren de una puesta en escena del más alto nivel y con estándares profesionales.&nbsp; Nos especializamos en eventos empresariales, sociales, políticos y artísticos,&nbsp; donde décadas de experiencia respaldan una trayectoria impecable que ha sabido responder a las demandas del [&hellip;]</p>
